x) = x**3 - 273*x**2 + 1002*x + 19889. Calculate m(269).
-17
Let t(l) = -3*l**3 + 77*l**2 + 136*l - 742. Calculate t(27).
14
Let c(x) = 4097*x + 77909. What is c(-19)?
66
Let p(c) = -c**3 - 40*c**2 + 42*c - 3750. Calculate p(-43).
-9
Let x(s) = -33051*s - 4825430. What is x(-146)?
16
Let z(a) = -65717*a + 722977. Calculate z(11).
90
Let x(a) = 1107*a - 303329. Determine x(274).
-11
Let j(i) = 12*i**3 - 139*i**2 + 139*i + 494. What is j(10)?
-16
Let f(p) = 2*p**2 - 852*p + 24588. Give f(30).
828
Let p(l) = 11*l**2 - 171*l - 2017. What is p(-12)?
1619
Let q(h) = 17*h**2 + 1790*h + 33690. Give q(-19).
5817
Let t(w) = -w**2 - 29*w + 1882. What is t(28)?
286
Let s(i) = i**3 - 49*i**2 - 35*i - 12522. Give s(54).
168
Let n(u) = 1566*u + 2583. Give n(-2).
-549
Let s(j) = -60733*j - 45914150. Give s(-756).
-2
Let l(q) = -2*q**3 - 2*q**2 - 7464*q - 37524. Give l(-5).
-4
Let p(j) = -316*j**3 + j**2 + 20*j - 19. What is p(1)?
-314
Let r(x) = x**3 + 28*x**2 + 23*x - 2979. What is r(-21)?
-375
Let w(f) = -2*f**2 - 13634*f - 663320. Calculate w(-49).
-56
Let y(l) = 2*l**3 - 452*l**2 + 14589*l - 561. Determine y(187).
0
Let n(o) = 23248*o - 163499. What is n(7)?
-763
Let v(x) = -689*x - 532. Give v(-1).
157
Let z(h) = h**3 + 34*h**2 - 273*h + 387. What is z(5)?
-3
Let x(z) = z**3 + 53*z**2 + 234*z - 214. What is x(-48)?
74
Let j(y) = 5*y**2 + 92*y - 96. What is j(1)?
1
Let p(b) = b**2 - 11225*b - 3611397. Determine p(-313).
-3
Let g(y) = y**2 + 75*y + 769. Give g(-49).
-505
Let i(w) = 6*w**3 + 10*w**2 - 45*w - 41. What is i(-7)?
-1294
Let a(r) = -191*r**2 - 13752*r - 29. Give a(-72).
-29
Let y(v) = -5356*v + 1526456. Calculate y(285).
-4
Let m(o) = -o**2 - 10937*o - 5801302. What is m(-559)?
0
Let a(b) = 3601*b + 3086058. Determine a(-857).
1
Let x(u) = 78*u**2 + 252*u + 26. Calculate x(-4).
266
Let c(p) = -p**2 - 786*p - 4761. Give c(-6).
-81
Let p(l) = 333*l**2 + 4083*l + 2. Give p(-14).
8108
Let d(n) = -n**2 - 12271*n + 49107. Determine d(4).
7
Let n(b) = 3*b**2 + 43181*b + 129532. Give n(-3).
16
Let q(p) = 2*p**2 + 433*p - 215. What is q(-217)?
2
Let b(j) = -j**2 - 46*j - 515. Determine b(-20).
5
Let l(t) = -2*t**2 - 2263*t + 39018. Determine l(17).
-31
Let k(o) = o**2 + 2192*o + 789049. Calculate k(-454).
-3
Let o(g) = -g**3 - 15*g**2 + 112*g + 1778. Give o(-15).
98
Let c(p) = -763*p + 8214. Give c(10).
584
Let q(z) = 8866*z + 133015. Calculate q(-15).
25
Let q(f) = -f**3 + 25*f**2 - 190*f + 1638. Determine q(19).
194
Let x(p) = -10*p**3 + 74*p**2 - 70*p - 4. Give x(1).
-10
Let a(u) = 72573*u + 725747. What is a(-10)?
17
Let p(o) = -2*o**3 + 191*o**2 + 4357*o + 129. Give p(-19).
15
Let j(s) = 8710*s - 17364. Determine j(2).
56
Let l(w) = -9*w**3 + 3*w**2 - 24*w + 111. Determine l(5).
-1059
Let f(v) = 109589*v - 2411035. Determine f(22).
-77
Let i(o) = 214*o - 6409. Calculate i(30).
11
Let g(d) = -3576978*d - 6. Calculate g(0).
-6
Let w(b) = -2*b**3 - 26*b**2 - 169*b - 44. Determine w(-7).
551
Let p(g) = -1910*g - 9503. Give p(-5).
47
Let j(y) = -5*y**3 - 9*y**2 + 21*y + 284. Calculate j(-4).
376
Let q(s) = s**3 + 50*s**2 - 236*s + 73. Give q(4).
-7
Let a(j) = -j**2 + 177*j - 7587. Determine a(73).
5
Let b(x) = 3162*x + 866398. Determine b(-274).
10
Let z(w) = -93*w**2 - 528*w - 1060. Calculate z(-2).
-376
Let f(m) = 185720*m + 2785802. Determine f(-15).
2
Let v(p) = p**3 - 49*p**2 + 627*p - 270. Calculate v(25).
405
Let x(u) = 10*u**3 + 103*u**2 + 8*u - 205. Determine x(-10).
15
Let t(d) = -d**3 - 137*d**2 - 1079*d - 310. Determine t(-8).
66
Let i(w) = 9045*w + 171658. What is i(-19)?
-197
Let q(j) = 12*j**2 - 319*j + 1741. Give q(21).
334
Let a(k) = -k**3 - 18*k**2 + 722*k - 3386. What is a(15)?
19
Let y(c) = -5507*c + 859086. Calculate y(156).
-6
Let f(w) = 7*w**3 + 14*w**2 + w - 98. Determine f(4).
578
Let k(w) = -5996*w - 14846. What is k(-2)?
-2854
Let i(c) = 19*c**2 + 1252*c + 11383. Calculate i(-55).
-2
Let a(r) = -r**2 + 18*r + 5698. Give a(87).
-305
Let j(o) = -13545*o + 6393226. Determine j(472).
-14
Let j(m) = 5548*m + 1902983. Give j(-343).
19
Let f(z) = 10974*z - 636502. Determine f(58).
-10
Let z(u) = 401*u - 6857. Give z(21).
1564
Let v(w) = -2122*w + 12167. Determine v(5).
1557
Let f(k) = -701*k - 5366. Give f(-5).
-1861
Let y(v) = -460*v + 395584. What is y(860)?
-16
Let r(z) = -2875*z - 560716. What is r(-195)?
-91
Let t(y) = 2*y**3 - 30*y**2 + 69*y + 214. Calculate t(11).
5
Let y(i) = -16*i**2 + 2887*i + 1802. Determine y(181).
173
Let g(k) = 73*k**3 + 2*k**2 + 102*k + 212. Give g(-2).
-568
Let x(h) = 67*h**2 - 3471*h + 42461. Give x(32).
-3
Let g(i) = -2*i**2 + 139*i - 1541. Give g(14).
13
Let c(f) = 75*f + 18828. Determine c(-205).
3453
Let d(v) = -2*v**3 - 110*v**2 - 731*v + 403. Calculate d(-9).
-470
Let v(k) = -3*k**2 + 17635*k + 1793500. Give v(-100).
0
Let k(z) = z**3 + 18*z**2 + 3*z - 249. Calculate k(-17).
-11
Let f(l) = -l**3 - 85*l**2 + 777*l - 7. Give f(10).
-1737
Let c(o) = -8*o**2 - 22*o + 310. Determine c(-8).
-26
Let f(i) = 6876*i - 1526472. Give f(222).
0
Let c(m) = 396*m + 9012. What is c(-23)?
-96
Let s(y) = 71468*y + 643217. Determine s(-9).
5
Let p(n) = n**3 - 5*n**2 + 33*n - 281. Determine p(7).
48
Let f(g) = g**2 + 1088*g + 147716. Calculate f(-159).
5
Let q(w) = 6952*w + 118104. Calculate q(-17).
-80
Let r(a) = 310*a - 34643. What is r(112)?
77
Let n(f) = 10*f**2 - 90*f - 184. Calculate n(-3).
176
Let s(f) = 5618*f - 72947. Determine s(13).
87
Let i(l) = 1441*l - 36161. Determine i(25).
-136
Let b(d) = 31*d**3 + 10*d**2 + 109*d + 411. Give b(-4).
-1849
Let k(f) = 247*f**2 - 379*f + 759. What is k(2)?
989
Let a(c) = -2*c**3 - 58*c**2 - 141*c - 881. Give a(-27).
10
Let p(h) = -2*h**2 + 40*h + 8311. Give p(-55).
61
Let g(l) = l**3 + 35*l**2 - 125*l + 3003. Determine g(-40).
3
Let k(t) = -33*t**2 - 2714*t - 306. What is k(-82)?
350
Let s(z) = -48*z**2 - 38*z - 351. Give s(-5).
-1361
Let f(k) = -k**3 - 9*k**2 + 31*k + 182. Calculate f(-18).
2540
Let x(m) = 717829*m + 26559677. What is x(-37)?
4
Let f(z) = -5*z**2 - 4416*z - 13205. Determine f(-3).
-2
Let f(t) = -1700*t - 233073. Give f(-137).
-173
Let k(b) = 524*b - 152. Calculate k(1).
372
Let i(c) = -7*c**3 - 14*c**2 + 341*c - 690. Calculate i(2).
-120
Let i(w) = -w**2 + 243*w - 3771. What is i(226)?
71
Let s(d) = 2904*d - 17518. Give s(5).
-2998
Let h(b) = -37*b**3 - 56*b**2 + 5*b - 21. Give h(-2).
41
Let p(d) = -125*d**2 - 2743*d + 2741. Determine p(1).
-127
Let z(x) = -3*x**3 + 58*x**2 - 274*x - 2. Give z(8).
-18
Let o(r) = -68*r**2 - 295*r + 3844. What is o(-10)?
-6
Let z(f) = f**3 + 293*f**2 - 3074*f + 428. What is z(10)?
-12
Let l(p) = p**3 + 420*p**2 + 2969*p + 1247005. What is l(-420)?
25
Let n(d) = -12*d**2 + 466*d + 13197. What is n(-19)?
11
Let h(w) = 2*w**3 + 33*w**2 + 134*w + 9. Determine h(-10).
-31
Let r(d) = -15*d**2 - 43*d + 26. Give r(-6).
-256
Let y(s) = 3754*s - 142614. Give y(38).
38
Let f(y) = 10*y**3 - y**2 - 22*y + 4400. What is f(0)?
4400
Let l(y) = 3*y**3 + 71*y**2 + 409*y + 8340. Determine l(-23).
-9
Let i(r) = r**3 - 180*r**2 + 3485*r - 1470. Give i(158).
-48
Let w(b) = 12351*b + 12250. Calculate w(-1).
-101
Let h(t) = -143*t**2 - 838*t + 26. What is h(-6)?
-94
Let o(t) = 5*t**3 - 53*t**2 - 566*t + 378. Give o(17).
4
Let t(s) = 2*s**2 + 164*s + 792. Determine t(-6).
-120
Let u(b) = -2*b**3 - 550*b**2 + 253*b + 69581. Give u(-275).
6
Let c(r) = -6*r**3 - 1028*r**2 + 697*r + 1046. Give c(-172).
-502
Let j(f) = -f**2 - 330*f + 3768. Determine j(11).
17
Let i(q) = -54975*q + 329823. Calculate i(6).
-27
Let l(f) = -11*f**2 - 111*f - 18. Give l(-7).
220
Let n(c) = -10792*c - 53930. Determine n(-5).
30
Let s(r) = 8480*r + 491875. What is s(-58)?
35
Let a(f) = 101421*f + 101426. Calculate a(-1).
5
Let c(v) = 2*v**3 - 6*v**2 - 77*v - 60. Calculate c(-5).
-75
Let j(x) = 10*x**3 - 231*x**2 - 9*x + 1016. Calculate j(23).
280
Let c(y) = 48*y**2 - 1138*y + 3401. Give c(3).
419
Let s(b) = -4*b**3 - 12*b**2 - 9278*b - 9267. Calculate s(-1).
3
Let m(v) = 126040*v - 10965475. Calculate m(87).
5
Let w(f) = -59863*f + 299426. Calculate w(5).
111
Let l(a) = 199825*a - 64743298. Determine l(324).
2
Let n(r) = -102*r**3 - 722*r**2 - 47*r + 25. What is n(-7)?
-38
Let k(c) = -682*c + 8662. Calculate k(13).
-204
Let g(x) = -x**2 + 1200*x + 350776. What is g(